[INFO] cloning repository https://github.com/Damezuma/rs-threads-board
[INFO] running `Command { std: "git" "-c" "credential.helper=" "-c" "credential.helper=/workspace/cargo-home/bin/git-credential-null" "clone" "--bare" "https://github.com/Damezuma/rs-threads-board" "/workspace/cache/git-repos/https%3A%2F%2Fgithub.com%2FDamezuma%2Frs-threads-board", kill_on_drop: false }`
[INFO] [stderr] Cloning into bare repository '/workspace/cache/git-repos/https%3A%2F%2Fgithub.com%2FDamezuma%2Frs-threads-board'...
[INFO] running `Command { std: "git" "rev-parse" "HEAD", kill_on_drop: false }`
[INFO] [stdout] 6df16bece8d743abd198b8194c715383be26d585
[INFO] checking Damezuma/rs-threads-board against master#e6e4f7ed1589e03bc2f6c5931c1a72e7947e8682 for beta-170-4
[INFO] running `Command { std: "git" "clone" "/workspace/cache/git-repos/https%3A%2F%2Fgithub.com%2FDamezuma%2Frs-threads-board" "/workspace/builds/worker-7-tc2/source", kill_on_drop: false }`
[INFO] [stderr] Cloning into '/workspace/builds/worker-7-tc2/source'...
[INFO] [stderr] done.
[INFO] validating manifest of git repo https://github.com/Damezuma/rs-threads-board on toolchain e6e4f7ed1589e03bc2f6c5931c1a72e7947e8682
[INFO] running `Command { std: CARGO_HOME="/workspace/cargo-home" RUSTUP_HOME="/workspace/rustup-home" "/workspace/cargo-home/bin/cargo" "+e6e4f7ed1589e03bc2f6c5931c1a72e7947e8682" "metadata" "--manifest-path" "Cargo.toml" "--no-deps", kill_on_drop: false }`
[INFO] started tweaking git repo https://github.com/Damezuma/rs-threads-board
[INFO] finished tweaking git repo https://github.com/Damezuma/rs-threads-board
[INFO] tweaked toml for git repo https://github.com/Damezuma/rs-threads-board written to /workspace/builds/worker-7-tc2/source/Cargo.toml
[INFO] crate git repo https://github.com/Damezuma/rs-threads-board already has a lockfile, it will not be regenerated
[INFO] running `Command { std: CARGO_HOME="/workspace/cargo-home" RUSTUP_HOME="/workspace/rustup-home" "/workspace/cargo-home/bin/cargo" "+e6e4f7ed1589e03bc2f6c5931c1a72e7947e8682" "fetch" "--manifest-path" "Cargo.toml", kill_on_drop: false }`
[INFO] running `Command { std: "docker" "create" "-v" "/var/lib/crater-agent-workspace/builds/worker-7-tc2/target:/opt/rustwide/target:rw,Z" "-v" "/var/lib/crater-agent-workspace/builds/worker-7-tc2/source:/opt/rustwide/workdir:ro,Z" "-v" "/var/lib/crater-agent-workspace/cargo-home:/opt/rustwide/cargo-home:ro,Z" "-v" "/var/lib/crater-agent-workspace/rustup-home:/opt/rustwide/rustup-home:ro,Z" "-e" "SOURCE_DIR=/opt/rustwide/workdir" "-e" "CARGO_TARGET_DIR=/opt/rustwide/target" "-e" "CARGO_HOME=/opt/rustwide/cargo-home" "-e" "RUSTUP_HOME=/opt/rustwide/rustup-home" "-w" "/opt/rustwide/workdir" "-m" "1610612736" "--user" "0:0" "--network" "none" "ghcr.io/rust-lang/crates-build-env/linux@sha256:19e73879b68f455e41552ea35293514db52ea292d993f571636dbffedb77a1ee" "/opt/rustwide/cargo-home/bin/cargo" "+e6e4f7ed1589e03bc2f6c5931c1a72e7947e8682" "metadata" "--no-deps" "--format-version=1", kill_on_drop: false }`
[INFO] [stdout] 3702a135ed1543afd8215a3863db56f1602e073c75634a41dc755570a7bcefb7
[INFO] running `Command { std: "docker" "start" "-a" "3702a135ed1543afd8215a3863db56f1602e073c75634a41dc755570a7bcefb7", kill_on_drop: false }`
[INFO] running `Command { std: "docker" "inspect" "3702a135ed1543afd8215a3863db56f1602e073c75634a41dc755570a7bcefb7", kill_on_drop: false }`
[INFO] running `Command { std: "docker" "rm" "-f" "3702a135ed1543afd8215a3863db56f1602e073c75634a41dc755570a7bcefb7", kill_on_drop: false }`
[INFO] [stdout] 3702a135ed1543afd8215a3863db56f1602e073c75634a41dc755570a7bcefb7
[INFO] running `Command { std: "docker" "create" "-v" "/var/lib/crater-agent-workspace/builds/worker-7-tc2/target:/opt/rustwide/target:rw,Z" "-v" "/var/lib/crater-agent-workspace/builds/worker-7-tc2/source:/opt/rustwide/workdir:ro,Z" "-v" "/var/lib/crater-agent-workspace/cargo-home:/opt/rustwide/cargo-home:ro,Z" "-v" "/var/lib/crater-agent-workspace/rustup-home:/opt/rustwide/rustup-home:ro,Z" "-e" "SOURCE_DIR=/opt/rustwide/workdir" "-e" "CARGO_TARGET_DIR=/opt/rustwide/target" "-e" "CARGO_INCREMENTAL=0" "-e" "RUST_BACKTRACE=full" "-e" "RUSTFLAGS=--cap-lints=forbid" "-e" "RUSTDOCFLAGS=--cap-lints=forbid" "-e" "CARGO_HOME=/opt/rustwide/cargo-home" "-e" "RUSTUP_HOME=/opt/rustwide/rustup-home" "-w" "/opt/rustwide/workdir" "-m" "1610612736" "--user" "0:0" "--network" "none" "ghcr.io/rust-lang/crates-build-env/linux@sha256:19e73879b68f455e41552ea35293514db52ea292d993f571636dbffedb77a1ee" "/opt/rustwide/cargo-home/bin/cargo" "+e6e4f7ed1589e03bc2f6c5931c1a72e7947e8682" "check" "--frozen" "--all" "--all-targets" "--message-format=json", kill_on_drop: false }`
[INFO] [stdout] 75fe8334d92960b58179c441ea08606ca73e4dfa5adc16368d4ff50b42338edb
[INFO] running `Command { std: "docker" "start" "-a" "75fe8334d92960b58179c441ea08606ca73e4dfa5adc16368d4ff50b42338edb", kill_on_drop: false }`
[INFO] [stderr]     Checking libc v0.2.31
[INFO] [stderr]     Checking num-traits v0.1.40
[INFO] [stderr]     Checking encoding_index_tests v0.1.4
[INFO] [stderr]    Compiling gcc v0.3.54
[INFO] [stderr]     Checking matches v0.1.6
[INFO] [stderr]     Checking void v1.0.2
[INFO] [stderr]     Checking log v0.3.8
[INFO] [stderr]     Checking lazy_static v0.2.8
[INFO] [stderr]     Checking siphasher v0.2.2
[INFO] [stderr]    Compiling cc v1.0.0
[INFO] [stderr]     Checking rustc-serialize v0.3.24
[INFO] [stderr]     Checking byteorder v1.1.0
[INFO] [stderr]     Checking utf8-ranges v0.1.3
[INFO] [stderr]     Checking unicode-normalization v0.1.5
[INFO] [stderr]     Checking serde v1.0.15
[INFO] [stderr]     Checking unicode-bidi v0.3.4
[INFO] [stderr]     Checking unreachable v1.0.0
[INFO] [stderr]     Checking regex-syntax v0.3.9
[INFO] [stderr]     Checking thread_local v0.3.4
[INFO] [stderr]     Checking encoding-index-simpchinese v1.20141219.5
[INFO] [stderr]     Checking encoding-index-singlebyte v1.20141219.5
[INFO] [stderr]     Checking phf_shared v0.7.21
[INFO] [stderr]     Checking encoding-index-tradchinese v1.20141219.5
[INFO] [stderr]     Checking encoding-index-japanese v1.20141219.5
[INFO] [stderr]     Checking phf v0.7.21
[INFO] [stderr]    Compiling base64 v0.3.1
[INFO] [stderr]     Checking encoding-index-korean v1.20141219.5
[INFO] [stderr]     Checking cfg-if v0.1.2
[INFO] [stderr]    Compiling md5 v0.3.5
[INFO] [stderr]     Checking itoa v0.3.4
[INFO] [stderr]     Checking regex-syntax v0.4.1
[INFO] [stderr]     Checking dtoa v0.4.2
[INFO] [stderr]    Compiling rand v0.3.16
[INFO] [stderr]     Checking idna v0.1.4
[INFO] [stderr]     Checking num-integer v0.1.35
[INFO] [stderr]     Checking utf8-ranges v1.0.0
[INFO] [stderr]    Compiling nom v2.2.1
[INFO] [stderr]     Checking percent-encoding v1.0.0
[INFO] [stderr]     Checking atoi v0.2.2
[INFO] [stderr]     Checking encoding v0.2.33
[INFO] [stderr]     Checking time v0.1.38
[INFO] [stderr]     Checking memchr v0.1.11
[INFO] [stderr]     Checking thread-id v2.0.0
[INFO] [stderr]     Checking num-iter v0.1.34
[INFO] [stderr]     Checking memchr v1.0.1
[INFO] [stderr]     Checking thread_local v0.2.7
[INFO] [stderr]     Checking aho-corasick v0.5.3
[INFO] [stderr]     Checking num v0.1.40
[INFO] [stderr]     Checking smallvec v0.4.3
[INFO] [stderr]     Checking aho-corasick v0.6.3
[INFO] [stderr]     Checking serde v0.6.15
[INFO] [stderr]    Compiling miniz-sys v0.1.10
[INFO] [stderr]     Checking chrono v0.2.25
[INFO] [stderr]    Compiling brotli-sys v0.2.1
[INFO] [stderr]    Compiling rust-crypto v0.2.36
[INFO] [stderr]     Checking bit-vec v0.4.4
[INFO] [stderr]     Checking regex v0.1.80
[INFO] [stderr]     Checking chunked_transfer v0.3.1
[INFO] [stderr]     Checking buf_redux v0.1.3
[INFO] [stderr]    Compiling phf_generator v0.7.21
[INFO] [stderr]     Checking tempdir v0.3.5
[INFO] [stderr]    Compiling phf_codegen v0.7.21
[INFO] [stderr]     Checking twox-hash v1.1.0
[INFO] [stderr]     Checking uuid v0.5.1
[INFO] [stderr]     Checking ascii v0.7.1
[INFO] [stdout] error[E0214]: parenthesized type parameters may only be used with a `Fn` trait
[INFO] [stdout]   --> /opt/rustwide/cargo-home/registry/src/index.crates.io-6f17d22bba15001f/twox-hash-1.1.0/src/number_streams.rs:67:23
[INFO] [stdout]    |
[INFO] [stdout] 67 |     fn count(self) -> usize() {
[INFO] [stdout]    |                       ^^^^^^^ only `Fn` traits may use parentheses
[INFO] [stdout] ...
[INFO] [stdout] 74 | number_stream!(U32FromBytes, u32, U32_BYTES);
[INFO] [stdout]    | -------------------------------------------- in this macro invocation
[INFO] [stdout]    |
[INFO] [stdout]    = note: this error originates in the macro `number_stream` (in Nightly builds, run with -Z macro-backtrace for more info)
[INFO] [stdout] 
[INFO] [stdout] 
[INFO] [stdout] error[E0214]: parenthesized type parameters may only be used with a `Fn` trait
[INFO] [stdout]   --> /opt/rustwide/cargo-home/registry/src/index.crates.io-6f17d22bba15001f/twox-hash-1.1.0/src/number_streams.rs:67:23
[INFO] [stdout]    |
[INFO] [stdout] 67 |     fn count(self) -> usize() {
[INFO] [stdout]    |                       ^^^^^^^ only `Fn` traits may use parentheses
[INFO] [stdout] ...
[INFO] [stdout] 75 | number_stream!(U64FromBytes, u64, U64_BYTES);
[INFO] [stdout]    | -------------------------------------------- in this macro invocation
[INFO] [stdout]    |
[INFO] [stdout]    = note: this error originates in the macro `number_stream` (in Nightly builds, run with -Z macro-backtrace for more info)
[INFO] [stdout] 
[INFO] [stdout] 
[INFO] [stderr]     Checking url v1.5.1
[INFO] [stdout] error: aborting due to 2 previous errors
[INFO] [stdout] 
[INFO] [stdout] 
[INFO] [stdout] For more information about this error, try `rustc --explain E0214`.
[INFO] [stdout] 
[INFO] [stderr] error: could not compile `twox-hash` (lib) due to 3 previous errors
[INFO] [stderr] warning: build failed, waiting for other jobs to finish...
[INFO] [stdout] error[E0713]: borrow may still be in use when destructor runs
[INFO] [stdout]    --> /opt/rustwide/cargo-home/registry/src/index.crates.io-6f17d22bba15001f/url-1.5.1/src/form_urlencoded.rs:251:40
[INFO] [stdout]     |
[INFO] [stdout] 249 | impl<'a> Target for ::UrlQuery<'a> {
[INFO] [stdout]     |      -- lifetime `'a` defined here
[INFO] [stdout] 250 |     fn as_mut_string(&mut self) -> &mut String { &mut self.url.serialization }
[INFO] [stdout] 251 |     fn finish(self) -> &'a mut ::Url { self.url }
[INFO] [stdout]     |                                        ^^^^^^^^ - here, drop of `self` needs exclusive access to `*self.url`, because the type `UrlQuery<'_>` implements the `Drop` trait
[INFO] [stdout]     |                                        |
[INFO] [stdout]     |                                        returning this value requires that `*self.url` is borrowed for `'a`
[INFO] [stdout] 
[INFO] [stdout] 
[INFO] [stdout] error: aborting due to previous error
[INFO] [stdout] 
[INFO] [stdout] 
[INFO] [stdout] For more information about this error, try `rustc --explain E0713`.
[INFO] [stdout] 
[INFO] [stderr] error: could not compile `url` (lib) due to 2 previous errors
[INFO] running `Command { std: "docker" "inspect" "75fe8334d92960b58179c441ea08606ca73e4dfa5adc16368d4ff50b42338edb", kill_on_drop: false }`
[INFO] running `Command { std: "docker" "rm" "-f" "75fe8334d92960b58179c441ea08606ca73e4dfa5adc16368d4ff50b42338edb", kill_on_drop: false }`
[INFO] [stdout] 75fe8334d92960b58179c441ea08606ca73e4dfa5adc16368d4ff50b42338edb
